{"id":1006,"date":"2022-10-23T08:49:35","date_gmt":"2022-10-23T08:49:35","guid":{"rendered":"https:\/\/ringlihof.de\/?page_id=1006"},"modified":"2022-10-23T08:53:28","modified_gmt":"2022-10-23T08:53:28","slug":"datenschutzerklaerung","status":"publish","type":"page","link":"https:\/\/ringlihof.de\/?page_id=1006","title":{"rendered":"Datenschutzerkl\u00e4rung"},"content":{"rendered":"\n<h3>Allgemeines zur Datenverarbeitung<\/h3>\n<h4>Rechtsgrundlage f\u00fcr die Verarbeitung personenbezogener Daten<\/h4>\n<p>Nach Ma\u00dfgabe des Art. 13 DSGVO teilen wir Ihnen die Rechtsgrundlagen unserer Datenverarbeitungen mit. Sofern die Rechtsgrundlage im Datenschutzhinweis nicht genau genannt wird, gilt Folgendes:<\/p>\n<p>Die Rechtsgrundlage f\u00fcr die Einholung von Einwilligungen ist Art. 6 Abs. 1 lit. a i.V.m. Art. 7 DSGVO. Die Rechtsgrundlage f\u00fcr die Verarbeitung zur Erf\u00fcllung unserer Leistungen und Durchf\u00fchrung vertraglicher Ma\u00dfnahmen, sowie Beantwortung von Anfragen ist Art. 6 Abs. 1 lit. b DSGVO. Die Rechtsgrundlage f\u00fcr die Verarbeitung zur Erf\u00fcllung unserer rechtlichen Verpflichtungen ist Art. 6 Abs. 1 lit. c DSGVO. Ist die Verarbeitung Ihrer Daten zur Wahrung eines berechtigten Interesses unseres Unternehmens oder eines Dritten erforderlich und \u00fcberwiegen die Interessen, Grundrechte und Grundfreiheiten des Betroffenen das erstgenannte Interesse nicht, so dient Art. 6 Abs. 1 lit. f DSGVO als Rechtsgrundlage f\u00fcr die Verarbeitung. F\u00fcr den Fall, dass lebenswichtige Interessen der betroffenen Person oder einer anderen nat\u00fcrlichen Person eine Verarbeitung personenbezogener Daten erforderlich machen, dient Art. 6 Abs. 1 lit. d DSGVO als Rechtsgrundlage.<\/p>\n<p>\u00a0<\/p>\n<h4>Datenl\u00f6schung und Speicherdauer<\/h4>\n<p>Wir halten uns an die Grunds\u00e4tze der Datenminimierung gem. Art. 5 Abs. 1 lit. c DSGVO und Speicherbegrenzung gem. Art. 5 Abs. 1 lit. e DSGVO. Wir speichern Ihre personenbezogenen Daten nur so lange, wie dies zur Erreichung der hier genannten Zwecke erforderlich ist oder wie es die vom Gesetzgeber vorgesehenen Aufbewahrungsfristen vorsehen. Nach Wegfall des jeweiligen Zwecks bzw. nach Ablauf dieser Aufbewahrungsfristen, werden die entsprechenden Daten schnellstm\u00f6glich gel\u00f6scht.<\/p>\n<h3>\u00a0<\/h3>\n<h4>Hinweis zur Datenweitergabe an Drittstaaten<\/h4>\n<p>Auf unserer Website sind auch Tools von Unternehmen mit Sitz in Drittstaaten (dazu z\u00e4hlen namentlich die USA) eingebunden. Sind diese Tools aktiv, k\u00f6nnen Ihre personenbezogenen Daten an die Server der jeweiligen Unternehmen \u00fcbermittelt werden. Das Datenschutzniveau in Drittstaaten entspricht in der Regel nicht dem EU-Datenschutzrecht. Damit besteht das Risiko, dass Ihre Daten an Beh\u00f6rden dieser Staaten weitergegeben werden. Einfluss auf diese Verarbeitungst\u00e4tigkeiten haben wir nicht.<\/p>\n<p>\u00a0<\/p>\n<h4>Externe Links<\/h4>\n<p>Diese Webseite kann Links zu Webseiten Dritter bzw. zu anderen Webseiten in unserer Verantwortung enthalten. Folgen Sie einem Link zu einer der Webseiten au\u00dferhalb unserer Verantwortung, beachten Sie bitte, dass diese Webseiten \u00fcber ihre eigenen Datenschutzinformationen verf\u00fcgen. F\u00fcr diese fremden Webseiten und deren Datenschutzhinweise \u00fcbernehmen wir keine Verantwortung oder Haftung. \u00dcberpr\u00fcfen Sie daher vor Nutzung dieser Webseiten, ob Sie mit den dortigen Datenschutzerkl\u00e4rungen einverstanden sind.<\/p>\n<p>Externe Links erkennen Sie entweder daran, dass sie farblich etwas abgesetzt vom restlichen Text oder unterstrichen dargestellt werden. Ihr Cursor zeigt Ihnen externe Links an, wenn Sie diesen \u00fcber einen solchen Link bewegen. Erst wenn Sie auf einen externen Link klicken, werden Ihre personenbezogenen Daten zum Ziel des Links \u00fcbertragen. Dabei erh\u00e4lt der Betreiber der anderen Webseite insbesondere Ihre IP-Adresse, den Zeitpunkt, zu dem Sie den Link angeklickt haben, die Seite, auf der Sie den Link angeklickt haben, sowie weitere Informationen, die Sie in den Datenschutzhinweisen des jeweiligen Anbieters finden.<\/p>\n<p>Bitte beachten Sie auch, dass einzelne Links zu einer Daten\u00fcbermittlung au\u00dferhalb des europ\u00e4ischen Wirtschaftsraums f\u00fchren k\u00f6nnen. Hierdurch k\u00f6nnten ausl\u00e4ndische Beh\u00f6rden Zugriff auf Ihre Daten erhalten. M\u00f6glicherweise stehen Ihnen keine Rechtsbehelfe gegen diese Datenzugriffe zu. Wenn Sie nicht m\u00f6chten, dass Ihre personenbezogenen Daten zum Linkziel \u00fcbertragen werden oder gar unerw\u00fcnscht dem Zugriff ausl\u00e4ndischer Beh\u00f6rden ausgesetzt werden, klicken Sie bitte keine Links an.<\/p>\n<p>\u00a0<\/p>\n<h4>Rechte der betroffenen Person<\/h4>\n<p>Als Betroffener im Sinne der DSGVO haben Sie die M\u00f6glichkeit verschiedene Rechte geltend zu machen. Die sich aus der DSGVO ergebenden Betroffenenrechte sind das Auskunftsrecht (Artikel 15), das Recht auf Berichtigung (Artikel 16), das Recht auf L\u00f6schung (Artikel 17), das Recht auf Einschr\u00e4nkung der Verarbeitung (Artikel 18), das Widerspruchsrecht (Artikel 21), das Recht auf Beschwerde bei einer Aufsichtsbeh\u00f6rde und das Recht auf Daten\u00fcbertragbarkeit (Artikel 20).<\/p>\n<p><strong>Widerrufsrecht:<br \/><\/strong>Einige Datenverarbeitungen k\u00f6nnen nur mit Ihrer ausdr\u00fccklichen Einwilligung erfolgen. Sie haben jederzeit die M\u00f6glichkeit Ihre erteilte Einwilligung zu widerrufen. Die Rechtm\u00e4\u00dfigkeit der Datenverarbeitung bis zum Widerruf wird durch diesen allerdings nicht ber\u00fchrt.<\/p>\n<p><strong>Widerspruchsrecht:<br \/><\/strong>Beruht die Verarbeitung auf Art. 6 Absatz 1 lit. e oder f DSGVO, k\u00f6nnen Sie als Betroffener, aus Gr\u00fcnden, die sich aus Ihrer besonderen Situation ergeben, jederzeit gegen die Verarbeitung der Sie betreffenden personenbezogenen Daten widersprechen. Dieses Recht steht Ihnen auch bei auf diese Bestimmungen gest\u00fctztem Profiling iSd Art. 4 Z 4 DSGVO zu. Sofern wir kein Berechtigtes Interesse f\u00fcr die Verarbeitung nachweisen k\u00f6nnen, welche Ihre Interessen, Rechte und Freiheiten \u00fcberwiegen oder eine Verarbeitung, der Geltendmachung, Aus\u00fcbung oder Verteidigung von Rechtsanspr\u00fcchen dient, werden wir die Verarbeitung ihrer Daten nach erfolgten Widerspruch unterlassen.<\/p>\n<p>Dient die Verarbeitung von personenbezogenen Daten der Betreibung von Direktwerbung, so haben Sie auch das Recht, jederzeit Widerspruch zu erheben. Dasselbe gilt f\u00fcr Profiling, welches mit Direktwerbung in Verbindung steht. Auch hier werden wir personenbezogene Daten nicht mehr verarbeiten, sobald Sie Widerspruch erheben.<\/p>\n<p><strong>Recht auf Beschwerde bei einer Aufsichtsbeh\u00f6rde:<br \/><\/strong>Wenn Sie der Ansicht sind, dass die Verarbeitung der Sie betreffenden personenbezogenen Daten gegen die DSGVO verst\u00f6\u00dft, steht Ihnen unbeschadet eines anderweitigen verwaltungsrechtlichen oder gerichtlichen Rechtsbehelfs das Recht auf Beschwerde bei einer Aufsichtsbeh\u00f6rde, insbesondere in dem Mitgliedsstaat Ihres Aufenthaltsorts, Ihres Arbeitsplatzes oder des Orts des mutma\u00dflichen Versto\u00dfes, zu.<\/p>\n<p><strong>Recht auf Daten\u00fcbertragbarkeit:<br \/><\/strong>Werden Ihre Daten aufgrund einer Einwilligung oder Erf\u00fcllung eines Vertrages automatisiert verarbeitet, haben Sie das Recht, diese Daten in einem strukturierten, g\u00e4ngigen und maschinenlesbaren Format zu erhalten. Au\u00dferdem haben Sie das Recht, die \u00dcbertragung und Bereitstellung der Daten an einen anderen Verantwortlichen zu fordern, soweit dies technisch umsetzbar ist.<\/p>\n<p><strong>Recht auf Auskunft, Berichtigung und L\u00f6schung:<br \/><\/strong>Sie haben das Recht, Auskunft \u00fcber Ihre verarbeiteten personenbezogenen Daten bez\u00fcglich des Zwecks der Datenverarbeitung, der Kategorien, der Empf\u00e4nger sowie der Dauer der Speicherung zu erhalten. Bei Fragen zu diesem Thema oder auch zu anderen Themen bez\u00fcglich personenbezogener Daten k\u00f6nnen Sie sich selbstverst\u00e4ndlich \u00fcber die im Impressum angegebenen Kontaktm\u00f6glichkeiten an uns wenden.<\/p>\n<p><strong>Recht auf Einschr\u00e4nkung der Verarbeitung:<br \/><\/strong>Sie k\u00f6nnen jederzeit die Einschr\u00e4nkung der Verarbeitung Ihrer personenbezogenen Daten geltend machen. Dazu m\u00fcssen Sie eine der folgenden Voraussetzungen erf\u00fcllen:<\/p>\n<ul>\n<li>Sie bestreiten die Richtigkeit der personenbezogenen Daten. F\u00fcr die Dauer der \u00dcberpr\u00fcfung der Richtigkeit haben Sie das Recht, eine Einschr\u00e4nkung der Verarbeitung zu verlangen.<\/li>\n<li>Erfolgt eine Verarbeitung unrechtm\u00e4\u00dfig, so k\u00f6nnen Sie alternativ zur L\u00f6schung die Einschr\u00e4nkung der Nutzung der Daten beantragen.<\/li>\n<li>Sollten wir Ihre personenbezogenen Daten f\u00fcr die Zwecke der Verarbeitung nicht mehr ben\u00f6tigen, Sie aber die Daten f\u00fcr die Geltendmachung, Aus\u00fcbung oder Verteidigung von Rechtsanspr\u00fcchen ben\u00f6tigen, k\u00f6nnen Sie alternativ zur L\u00f6schung, die Einschr\u00e4nkung der Verarbeitung beantragen.<\/li>\n<\/ul>\n<p>Legen Sie Widerspruch gegen die Verarbeitung gem\u00e4\u00df Art. 21 Abs. 1 DSGVO ein, wird eine Abw\u00e4gung zwischen Ihren und unseren Interessen durchgef\u00fchrt. Bis diese Abw\u00e4gung erfolgt ist, haben Sie das Recht, die Einschr\u00e4nkung der Verarbeitung zu beantragen.<\/p>\n<p>Eine Einschr\u00e4nkung der Verarbeitung hat zur Folge, dass die personenbezogenen Daten, abgesehen von der Speicherung, nur mit Ihrer Einwilligung oder zur Geltendmachung, zur Aus\u00fcbung bzw. Verteidigung von Rechtsanspr\u00fcchen oder zum Schutz der Rechte einer anderen nat\u00fcrlichen oder juristischen Person oder aus Gr\u00fcnden eines wichtigen \u00f6ffentlichen Interesses der Union oder eines Mitgliedstaates verarbeitet werden d\u00fcrfen.<\/p>\n<h4>Bereitstellung der Webseite (Webhoster)<\/h4>\n<p>Unsere Webseite wird gehostet bei:<\/p>\n<p><strong>1&amp;1 IONOS<br \/><\/strong><\/p>\n<p>Wenn Sie unsere Webseite aufrufen, erheben und speichern wir automatisch Informationen in sogenannten Server-Logfiles. Diese Informationen \u00fcbermittelt Ihr Browser automatisch an unseren Server bzw. an den Server unseres Hostingunternehmens.<\/p>\n<p>Dies sind:<\/p>\n<table>\n<tbody>\n<tr>\n<td width=\"37\">\u00a0<\/td>\n<td width=\"683\">\n<ul>\n<li>IP-Adresse des Endger\u00e4tes des Webseitenbesuchers<\/li>\n<li>Verwendetes Ger\u00e4t<\/li>\n<li>Hostname des zugreifenden Rechners<\/li>\n<li>Betriebssystem des Besuchers<\/li>\n<li>Browsertyp und Version<\/li>\n<li>Name der abgerufenen Datei<\/li>\n<li>Zeitpunkt der Serveranfrage<\/li>\n<li>Menge der Daten<\/li>\n<li>Information, ob der Abruf der Daten erfolgreich war<\/li>\n<\/ul>\n<\/td>\n<\/tr>\n<\/tbody>\n<\/table>\n<p>\u00a0<\/p>\n<p>Diese Daten werden nicht mit anderen Datenquellen zusammengef\u00fchrt.<\/p>\n<p>Rechtsgrundlage f\u00fcr die Verarbeitung dieser Daten ist Art. 6 Abs. 1 lit. f DSGVO. Unser berechtigtes Interesse ist die technisch fehlerfreie Darstellung und Optimierung dieser Webseite.<\/p>\n<p>Statt diese Webseite auf einem eigenen Server zu betreiben, k\u00f6nnen wir sie auch auf dem Server eines externen Dienstleisters (Hostingunternehmen) betreiben lassen. Diesfalls werden die auf dieser Website erfassten personenbezogenen Daten auf den Servern des Hostingunternehmens gespeichert. Erg\u00e4nzend zu den oben genannten Daten kann es sich z.B. um Kontaktanfragen, Kontaktdaten, Namen, Webseitezugriffsdaten, Meta- und Kommunikationsdaten, Vertragsdaten und sonstige Daten, die \u00fcber eine Website generiert werden, handeln.<\/p>\n<p>Als weitere Rechtsgrundlage wird der Zweck der Vorvertrags- bzw Vertragserf\u00fcllung gegen\u00fcber der betroffenen Person angef\u00fchrt. (Art. 6 Abs. 1 lit. b DSGVO). F\u00fcr den Fall, dass wir ein Hostingunternehmen beauftragt haben, besteht ein Vertrag \u00fcber Auftragsverarbeitung mit diesem Dienstleister.<\/p>\n<h3>\u00a0<\/h3>\n<h4>Einsatz von Cookies<\/h4>\n<p>Unsere Webseite verwendet \u201eCookies\u201c. Bei Cookies handelt es sich um Informationen, welche ein Webserver (Server, der Webinhalte bereitstellt) auf Ihrem Endger\u00e4t hinterlegt, um dieses Endger\u00e4t identifizieren zu k\u00f6nnen. Sie werden entweder vor\u00fcbergehend f\u00fcr die Dauer einer Sitzung (Session-Cookies) und nach Ende Ihres Besuchs einer Webseite gel\u00f6scht oder dauerhaft (permanente Cookies) auf Ihrem Endger\u00e4t gespeichert, bis Sie diese selbst l\u00f6schen oder eine automatische L\u00f6schung durch Ihren Webbrowser erfolgt.<\/p>\n<p>Cookies k\u00f6nnen auch von Drittunternehmen auf Ihrem Endger\u00e4t gespeichert werden, wenn Sie unsere Seite betreten (Third-Party-Requests). Dadurch wird es uns, als Betreiber und Ihnen, als Besucher dieser Webseite erm\u00f6glicht, bestimmte Dienstleistungen von Dritten, die auf dieser Webseite installiert sind, in Anspruch zu nehmen. Beispiele daf\u00fcr sind Cookies zur Abwicklung von Zahlungsdienstleistungen oder Cookies f\u00fcr die Anzeige von Videos.<\/p>\n<p>Cookies haben vielf\u00e4ltige Einsatzm\u00f6glichkeiten. Sie k\u00f6nnen die Funktionsf\u00e4higkeit einer Webseite verbessern, Warenkorbfunktionen steuern, die Sicherheit und den Komfort der Webseitennutzung erh\u00f6hen sowie Analysen bez\u00fcglich Besucherstr\u00f6me und \u2013 verhalten durchf\u00fchren. In Abh\u00e4ngigkeit von den einzelnen Funktionen sind die Cookies datenschutzrechtlich einzuordnen. Sie sind notwendig f\u00fcr den Betrieb der Webseite und zur Bereitstellung bestimmter Funktionen gedacht (Warenkorbfunktion) oder dienen zur Optimierung der Webseite (z.B. Cookies zur Messung des Besucherverhaltens), dann erfolgt ihr Einsatz auf Grundlage von Art. 6 Abs. 1 lit. f DSGVO. Als Webseitenbetreiber haben wir ein berechtigtes Interesse an der Speicherung von Cookies zur technisch fehlerfreien und optimierten Bereitstellung unserer Dienste. In allen anderen F\u00e4llen erfolgt die Speicherung von Cookies nur nach Ihrer ausdr\u00fccklichen Einwilligung (Art. 6 Abs. 1 lit. a DSGVO).<\/p>\n<p>Soweit Cookies von Drittunternehmen oder zu Analysezwecken eingesetzt werden, informieren wir Sie hier\u00fcber im Rahmen dieses Datenschutzhinweises gesondert. Ihre erforderliche Einwilligung wird abgefragt und kann jederzeit widerrufen werden.<\/p>\n<p>\u00a0<\/p>\n<h4>Einsatz von externen Diensten<\/h4>\n<p>Auf unserer Webseite sind externe Dienste im Einsatz. Externe Dienste sind Dienste von Drittanbietern, die auf unserer Webseite eingesetzt werden. Dies kann aus unterschiedlichen Gr\u00fcnden erfolgen, beispielsweise f\u00fcr das Einbetten von Videos oder zur Sicherheit der Webseite. Bei der Benutzung dieser Dienste werden personenbezogene Daten auch an die jeweiligen Anbieter dieser externen Dienste weitergegeben. Wenn wir kein berechtigtes Interesse am Einsatz dieser Dienste haben, holen wir vor der Verwendung Ihre jederzeit widerrufbare Einwilligung als Besucher unserer Webseite ein (Art. 6 Abs. 1 lit. a DSGVO).<\/p>\n<p>\u00a0<\/p>\n<h4>Consent Management<\/h4>\n<p>Um datenschutzrechtlichen Anforderungen zu entsprechen, haben wir auf unserer Webseite ein Consent-Management-Tool im Einsatz. Mit diesem Tool holen wir erforderliche Einwilligungen f\u00fcr das Setzen von Cookies oder die Verwendung externer Dienste ein. Die Einwilligungen werden gespeichert.<\/p>\n<p>Die Verarbeitung ist f\u00fcr die Erf\u00fcllung einer rechtlichen Verpflichtung erforderlich, welcher der Verantwortliche (Betreiber der Webseite) unterliegt. Als Rechtsgrundlage der Verarbeitung wird daher Art. 6 Abs. 1 lit. c DSGVO herangezogen.<\/p>\n<p>\u00a0<\/p>\n<h4>Borlabs Cookie<\/h4>\n<p>Wir nutzen auf unserer Webseite den Dienst Borlabs Cookie. Anbieter des Dienstes ist die Borlabs \u2013 Benjamin A. Bornstein, R\u00fcbenkamp 32, 22305 Hamburg, Deutschland.<\/p>\n<p>Da dieser Dienst lokal am Webserver gehostet wird, findet keine Daten\u00fcbertragung an Dritte statt.<\/p>\n<p>\u00a0<\/p>\n<h4>Kartendienst<\/h4>\n<p>Wir verwenden auf dieser Webseite f\u00fcr einen Kartendienst. Damit die Karte auf der Webseite verwendet und dargestellt werden kann, muss die Karte vom Server des Anbieters geladen werden. Dabei kommt es zur \u00dcbertragung Ihrer IP-Adresse an den Server des Anbieters. Je nach Anbieter werden Cookies und weitere Technologien bis hin zu Schriftarten geladen. N\u00e4heres dazu finden Sie in der Datenschutzerkl\u00e4rung des Anbieters.<\/p>\n<p>Die Verarbeitung der Daten beruht auf der Rechtsgrundlage der Einwilligung (Art. 6 Abs. 1 lit. a DSGVO). Als Webseitenbesucher haben Sie der Verarbeitung Ihrer personenbezogenen Daten mit Ihrer freiwilligen, ausdr\u00fccklichen und im Vorhinein abgegebenen Einwilligung zugestimmt. Ohne gesonderte Einwilligung werden die personenbezogenen Daten, unter der Bedingung, dass es keine andere Rechtsgrundlage im Sinne des Art. 6 Abs.1 DSGVO gibt, auf den wir die Verarbeitung st\u00fctzen, von uns nicht in der oben beschriebenen Weise verarbeitet. Ebenso verfahren wir, wenn Sie Ihre Einwilligung widerrufen. Die Rechtm\u00e4\u00dfigkeit der bis zum Widerruf erfolgten Verarbeitung bleibt davon unber\u00fchrt.<\/p>\n<p>\u00a0<\/p>\n<h4>Google Maps<\/h4>\n<p>Wir nutzen auf unserer Webseite den Dienst Google Maps. Anbieter des Dienstes ist die Google Ireland Ltd., Gordon House, Barrow Street Dublin 4, Irland.<br \/>Durch die Nutzung des Dienstes kann es zu einer Daten\u00fcbertragung in ein Drittland kommen (USA).<\/p>\n<p>Weitere Informationen sind in den Datenschutzinformationen des Anbieters unter folgender URL zu finden:\u00a0<a href=\"https:\/\/policies.google.com\/privacy.\" target=\"_blank\" rel=\"noopener noreferrer\">https:\/\/policies.google.com\/privacy<\/a><u>.<\/u><\/p>\n<p>\u00a0<\/p>\n<h4>Schnittstellensoftware<\/h4>\n<p>Gesch\u00e4ftsprozesse laufen preisg\u00fcnstiger, schneller und fehlerfreier ab, wenn sie mit Hilfe von Software \u00fcber Schnittstellen automatisiert werden. So lassen sie sich \u00fcber die eigene Webseite oder \u00fcber soziale Netzwerke auf effiziente Weise in die Unternehmensprozesse einbinden. Wir setzen auf unserer Webseite Schnittstellen-Software ein, um unterschiedliche Anwendungen miteinander zu verkn\u00fcpfen und um personenbezogene Daten sicher von einer zur anderen Anwendung zu \u00fcbergeben.<\/p>\n<p>Die Verarbeitung der Daten beruht auf der Rechtsgrundlage der Einwilligung (Art. 6 Abs. 1 lit. a DSGVO). Als Webseitenbesucher haben Sie der Verarbeitung Ihrer personenbezogenen Daten mit Ihrer freiwilligen, ausdr\u00fccklichen und im Vorhinein abgegebenen Einwilligung zugestimmt. Ohne gesonderte Einwilligung werden die personenbezogenen Daten, unter der Bedingung, dass es keine andere Rechtsgrundlage im Sinne des Art. 6 Abs.1 DSGVO gibt, auf den wir die Verarbeitung st\u00fctzen, von uns nicht in der oben beschriebenen Weise verarbeitet. Ebenso verfahren wir, wenn Sie Ihre Einwilligung widerrufen. Die Rechtm\u00e4\u00dfigkeit der bis zum Widerruf erfolgten Verarbeitung bleibt davon unber\u00fchrt.<\/p>\n<p>\u00a0<\/p>\n<h4>Google APIs<\/h4>\n<p>Wir nutzen auf unserer Webseite den Dienst Google APIs. Anbieter des Dienstes ist die Google Ireland Ltd., Gordon House, Barrow Street Dublin 4, Irland.<br \/>Durch die Nutzung des Dienstes kann es zu einer Daten\u00fcbertragung in ein Drittland kommen (USA).<\/p>\n<p>Weitere Informationen sind in den Datenschutzinformationen des Anbieters unter folgender URL zu finden:\u00a0<a href=\"https:\/\/policies.google.com\/privacy.\" target=\"_blank\" rel=\"noopener noreferrer\">https:\/\/policies.google.com\/privacy<\/a><u>.<\/u><\/p>\n<p>\u00a0<\/p>\n<h4>Webfonts<\/h4>\n<p>Diese Seite nutzt zur einheitlichen Darstellung von Schriftarten sogenannte Webfonts, die von einem externen Anbieter zur Verf\u00fcgung gestellt und beim Aufruf der Webseite vom Browser geladen werden. Dabei erlangt der Anbieter des Webfonts Kenntnis dar\u00fcber, dass von Ihrer IP-Adresse aus unsere Webseite aufgerufen wurde, da Ihr Browser eine direkte Verbindung zum Anbieter des Webfonts herstellt.<\/p>\n<p>Die Verarbeitung der Daten beruht auf der Rechtsgrundlage der Einwilligung (Art. 6 Abs. 1 lit. a DSGVO). Als Webseitenbesucher haben Sie der Verarbeitung Ihrer personenbezogenen Daten mit Ihrer freiwilligen, ausdr\u00fccklichen und im Vorhinein abgegebenen Einwilligung zugestimmt. Ohne gesonderte Einwilligung werden die personenbezogenen Daten, unter der Bedingung, dass es keine andere Rechtsgrundlage im Sinne des Art. 6 Abs.1 DSGVO gibt, auf den wir die Verarbeitung st\u00fctzen, von uns nicht in der oben beschriebenen Weise verarbeitet. Ebenso verfahren wir, wenn Sie Ihre Einwilligung widerrufen. Die Rechtm\u00e4\u00dfigkeit der bis zum Widerruf erfolgten Verarbeitung bleibt davon unber\u00fchrt.<\/p>\n<p>\u00a0<\/p>\n<h4>Google Fonts<\/h4>\n<p>Wir nutzen auf unserer Webseite den Dienst Google Fonts. Anbieter des Dienstes ist die Google Ireland Ltd., Gordon House, Barrow Street Dublin 4, Irland.<br \/>Durch die Nutzung des Dienstes kann es zu einer Daten\u00fcbertragung in ein Drittland kommen (USA).<\/p>\n<p>Weitere Informationen sind in den Datenschutzinformationen des Anbieters unter folgender URL zu finden:\u00a0<a href=\"https:\/\/policies.google.com\/privacy.\" target=\"_blank\" rel=\"noopener noreferrer\">https:\/\/policies.google.com\/privacy<\/a><u>.<\/u><\/p>\n<p>\u00a0<\/p>\n<h4>Kontaktformular<\/h4>\n<p>Auf unserer Webseite besteht die M\u00f6glichkeit, uns \u00fcber ein Kontaktformular zu benachrichtigen. F\u00fcr die Kontaktaufnahme \u00fcber dieses Formular werden insbesondere Ihre Kontaktdaten ben\u00f6tigt.<\/p>\n<p>Als Rechtsgrundlage wird hierbei auf die Verarbeitung zum Zwecke der Vertragserf\u00fcllung bzw. vorvertraglicher Ma\u00dfnahmen gem. Art. 6 Abs. 1 lit. b DSGVO verwiesen. Au\u00dferdem kann ein berechtigtes Interesse vorliegen, um Gesch\u00e4ftsbeziehungen zu pflegen oder Ihre Anfrage aus sonstigen Gr\u00fcnden zu beantworten.<\/p>\n<p>Die Rechtsgrundlage f\u00fcr die Verarbeitung Ihrer Daten w\u00e4re diesfalls Art. 6 Abs. 1 lit. f DSGVO.<\/p>\n<p>Die Daten werden gel\u00f6scht, wenn wir Ihre Anfrage abschlie\u00dfend beantwortet haben und keine sonstigen Aufbewahrungspflichten dem entgegenstehen.<\/p>\n","protected":false},"excerpt":{"rendered":"<p>Allgemeines zur Datenverarbeitung Rechtsgrundlage f\u00fcr die Verarbeitung personenbezogener Daten Nach Ma\u00dfgabe des Art. 13 DSGVO teilen wir Ihnen die Rechtsgrundlagen unserer Datenverarbeitungen mit. Sofern die Rechtsgrundlage im Datenschutzhinweis nicht genau genannt wird, gilt Folgendes: Die Rechtsgrundlage f\u00fcr die Einholung von Einwilligungen ist Art. 6 Abs. 1 lit. a i.V.m. Art. 7 DSGVO. Die Rechtsgrundlage f\u00fcr&#8230;<\/p>\n","protected":false},"author":1,"featured_media":0,"parent":0,"menu_order":0,"comment_status":"closed","ping_status":"closed","template":"","meta":[],"_links":{"self":[{"href":"https:\/\/ringlihof.de\/index.php?rest_route=\/wp\/v2\/pages\/1006"}],"collection":[{"href":"https:\/\/ringlihof.de\/index.php?rest_route=\/wp\/v2\/pages"}],"about":[{"href":"https:\/\/ringlihof.de\/index.php?rest_route=\/wp\/v2\/types\/page"}],"author":[{"embeddable":true,"href":"https:\/\/ringlihof.de\/index.php?rest_route=\/wp\/v2\/users\/1"}],"replies":[{"embeddable":true,"href":"https:\/\/ringlihof.de\/index.php?rest_route=%2Fwp%2Fv2%2Fcomments&post=1006"}],"version-history":[{"count":2,"href":"https:\/\/ringlihof.de\/index.php?rest_route=\/wp\/v2\/pages\/1006\/revisions"}],"predecessor-version":[{"id":1010,"href":"https:\/\/ringlihof.de\/index.php?rest_route=\/wp\/v2\/pages\/1006\/revisions\/1010"}],"wp:attachment":[{"href":"https:\/\/ringlihof.de\/index.php?rest_route=%2Fwp%2Fv2%2Fmedia&parent=1006"}],"curies":[{"name":"wp","href":"https:\/\/api.w.org\/{rel}","templated":true}]}}